 hundred thousands digit of 15635773?
6
What is the millions digit of 1514022294?
4
What is the ten millions digit of 46943716?
4
What is the thousands digit of 17030215?
0
What is the thousands digit of 1048666643?
6
What is the millions digit of 299136442?
9
What is the tens digit of 542761689?
8
What is the hundred thousands digit of 12596122?
5
What is the thousands digit of 815320772?
0
What is the thousands digit of 700511731?
1
What is the ten millions digit of 38249835?
3
What is the tens digit of 3191020129?
2
What is the thousands digit of 106492858?
2
What is the millions digit of 8039332758?
9
What is the hundred thousands digit of 277550763?
5
What is the ten millions digit of 262835881?
6
What is the ten thousands digit of 3432263722?
6
What is the hundreds digit of 106632089?
0
What is the ten millions digit of 510320792?
1
What is the hundreds digit of 66023268?
2
What is the millions digit of 658758463?
8
What is the hundred thousands digit of 147599584?
5
What is the hundred millions digit of 585055210?
5
What is the hundreds digit of 510986725?
7
What is the units digit of 45489193?
3
What is the thousands digit of 81831921?
1
What is the thousands digit of 284082397?
2
What is the ten thousands digit of 323126816?
2
What is the tens digit of 1542342577?
7
What is the thousands digit of 228146436?
6
What is the units digit of 585658775?
5
What is the ten millions digit of 126970740?
2
What is the units digit of 161805361?
1
What is the tens digit of 4534385918?
1
What is the thousands digit of 1485197302?
7
What is the tens digit of 65353255?
5
What is the thousands digit of 120316853?
6
What is the units digit of 2724070817?
7
What is the ten thousands digit of 15789726?
8
What is the ten millions digit of 523317616?
2
What is the hundred thousands digit of 778488379?
4
What is the hundreds digit of 945193643?
6
What is the ten thousands digit of 220600229?
0
What is the ten millions digit of 445190978?
4
What is the hundred thousands digit of 175259093?
2
What is the hundred millions digit of 236976978?
2
What is the millions digit of 1563108003?
3
What is the units digit of 79498442?
2
What is the units digit of 48182326?
6
What is the units digit of 116501686?
6
What is the units digit of 929498067?
7
What is the ten millions digit of 21340090?
2
What is the hundreds digit of 3904672017?
0
What is the ten millions digit of 6160137417?
6
What is the hundred thousands digit of 1455596757?
5
What is the ten thousands digit of 1010271544?
7
What is the hundred thousands digit of 1229531618?
5
What is the billions digit of 1477904180?
1
What is the hundreds digit of 3320647024?
0
What is the millions digit of 12465467?
2
What is the hundred thousands digit of 31845674?
8
What is the ten thousands digit of 759994413?
9
What is the units digit of 1483766577?
7
What is the units digit of 3348008074?
4
What is the hundred thousands digit of 41697081?
6
What is the hundred thousands digit of 1183541841?
5
What is the ten millions digit of 240091380?
4
What is the ten thousands digit of 209843958?
4
What is the units digit of 3066105727?
7
What is the thousands digit of 628787389?
7
What is the ten thousands digit of 6004440?
0
What is the millions digit of 5838805?
5
What is the ten millions digit of 447756232?
4
What is the hundred thousands digit of 55054850?
0
What is the millions digit of 77082617?
7
What is the thousands digit of 110167728?
7
What is the ten thousands digit of 92071564?
7
What is the ten thousands digit of 93800014?
0
What is the hundreds digit of 4669862?
8
What is the millions digit of 424486951?
4
What is the thousands digit of 1386433859?
3
What is the billions digit of 2992365088?
2
What is the thousands digit of 85759370?
9
What is the millions digit of 10762723?
0
What is the hundreds digit of 372449138?
1
What is the units digit of 1159948762?
2
What is the hundred thousands digit of 91793746?
7
What is the thousands digit of 116801268?
1
What is the ten millions digit of 1302740181?
0
What is the ten thousands digit of 1348966174?
6
What is the tens digit of 180754930?
3
What is the thousands digit of 157141172?
1
What is the thousands digit of 683239196?
9
What is the hundred millions digit of 3933342432?
9
What is the hundred millions digit of 321896142?
3
What is the hundreds digit of 764186225?
2
What is the ten thousands digit of 177267579?
6
What is the ten millions digit of 435534826?
3
What is the ten thousands digit of 636183626?
8
What is the ten thousands digit of 246707577?
0
What is the units digit of 389424376?
6
What is the ten thousands digit of 1122630221?
3
What is the hundred thousands digit of 196910350?
9
What is the tens digit of 77888757?
5
What is the units digit of 126208679?
9
What is the units digit of 973511212?
2
What is the hundred millions digit of 624198475?
6
What is the millions digit of 38130597?
8
What is the ten thousands digit of 7203872750?
7
What is the hundreds digit of 80960146?
1
What is the ten thousands digit of 2333169436?
6
What is the hundred thousands digit of 1472603488?
6
What is the millions digit of 174767862?
4
What is the hundred millions digit of 235957618?
2
What is the ten thousands digit of 2147595736?
9
What is the hundreds digit of 2353384212?
2
What is the ten thousands digit of 121198151?
9
What is the millions digit of 545370385?
5
What is the ten millions digit of 48639374?
4
What is the hundred millions digit of 1018029728?
0
What is the thousands digit of 1129491853?
1
What is the millions digit of 7060958?
7
What is the millions digit of 88690970?
8
What is the ten millions digit of 2857379996?
5
What is the hundreds digit of 6590197?
1
What is the millions digit of 791579055?
1
What is the hundreds digit of 8560210?
2
What is the ten millions digit of 1707267020?
0
What is the units digit of 1184061023?
3
What is the hundred millions digit of 3325103723?
3
What is the hundred millions digit of 681275518?
6
What is the hundred millions digit of 7600062892?
6
What is the tens digit of 255785866?
6
What is the millions digit of 69417034?
9
What is the thousands digit of 577857721?
7
What is the ten thousands digit of 43059503?
5
What is the units digit of 1940308334?
4
What is the ten millions digit of 2062857529?
6
What is the hundred thousands digit of 108756078?
7
What is the thousands digit of 138482828?
2
What is the ten thousands digit of 78506688?
0
What is the tens digit of 3651054060?
6
What is the ten millions digit of 5856945487?
5
What is the ten millions digit of 80695116?
8
What is the hundred thousands digit of 130205603?
2
What is the hundred millions digit of 189464119?
1
What is the hundred millions digit of 4681805493?
6
What is the hundred millions digit of 370623001?
3
What is the tens digit of 24516621?
2
What is the ten millions digit of 57615699?
5
What is the units digit of 1829736928?
8
What is the ten millions digit of 5668990309?
6
What is the ten millions digit of 77703538?
7
What is the ten millions digit of 6550894929?
5
What is the ten millions digit of 1343847291?
4
What is the ten thousands digit of 8549060?
4
What is the ten thousands digit of 1252806818?
0
What is the thousands digit of 99072264?
2
What is the thousands digit of 32057812?
7
What is the hundreds digit of 88986179?
1
What is the ten thousands digit of 2839944650?
4
What is the hundred thousands digit of 12948201?
9
What is the ten millions digit of 2395548741?
9
What is the units digit of 102910241?
1
What is the ten millions digit of 150722764?
5
What is the ten thousands digit of 61186704?
8
What is the hundreds digit of 4105010273?
2
What is the thousands digit of 2441120566?
0
What is the hundreds digit of 239451182?
1
What is the hundred millions digit of 110681453?
1
What is the units digit of 35364416?
6
What is the thousands digit of 335652529?
2
What is the hundred thousands digit of 1278059468?
0
What is the ten thousands digit of 1569723861?
2
What is the ten thousands digit of 1006438231?
3
What is the ten thousands digit of 2448134912?
3
What is the tens digit of 565990463?
6
What is the ten thousands digit of 175001372?
0
What is the thousands digit of 611494407?
4
What is the tens digit of 154325975?
7
What is the h